hundred thousands digit of 102376616?
3
What is the hundred millions digit of 1328891990?
3
What is the hundred thousands digit of 322332906?
3
What is the thousands digit of 152381911?
1
What is the millions digit of 1508704363?
8
What is the ten thousands digit of 1308002884?
0
What is the ten millions digit of 4201069607?
0
What is the ten millions digit of 237474720?
3
What is the ten millions digit of 187866749?
8
What is the ten millions digit of 357693419?
5
What is the billions digit of 2907225700?
2
What is the units digit of 1039408942?
2
What is the ten thousands digit of 118812897?
1
What is the units digit of 161352500?
0
What is the hundreds digit of 9636787?
7
What is the thousands digit of 355554452?
4
What is the hundred thousands digit of 1083039591?
0
What is the ten millions digit of 4602690427?
0
What is the hundreds digit of 490650132?
1
What is the tens digit of 28005733?
3
What is the hundred thousands digit of 3775686094?
6
What is the millions digit of 571395251?
1
What is the ten millions digit of 18912886?
1
What is the ten thousands digit of 4622653?
2
What is the hundred thousands digit of 224288692?
2
What is the thousands digit of 59351486?
1
What is the thousands digit of 265086544?
6
What is the tens digit of 75172286?
8
What is the hundred millions digit of 3252459841?
2
What is the hundred millions digit of 7715962444?
7
What is the hundred millions digit of 133816846?
1
What is the millions digit of 353378041?
3
What is the millions digit of 4030687?
4
What is the tens digit of 180865652?
5
What is the ten millions digit of 47587137?
4
What is the ten thousands digit of 2998590872?
9
What is the ten millions digit of 58594479?
5
What is the ten millions digit of 236045846?
3
What is the thousands digit of 72936825?
6
What is the ten thousands digit of 131074590?
7
What is the thousands digit of 79810253?
0
What is the ten millions digit of 4255013144?
5
What is the units digit of 194174683?
3
What is the thousands digit of 847188863?
8
What is the tens digit of 23920523?
2
What is the millions digit of 151024069?
1
What is the hundreds digit of 2084016589?
5
What is the thousands digit of 2090533633?
3
What is the millions digit of 129919700?
9
What is the ten millions digit of 1638294790?
3
What is the tens digit of 66398659?
5
What is the units digit of 6751137651?
1
What is the ten millions digit of 983060641?
8
What is the hundreds digit of 983649726?
7
What is the hundreds digit of 1414190531?
5
What is the ten thousands digit of 1952340166?
4
What is the hundreds digit of 144360246?
2
What is the ten thousands digit of 239916854?
1
What is the units digit of 29498739?
9
What is the millions digit of 1376037194?
6
What is the millions digit of 2133849100?
3
What is the billions digit of 1715379152?
1
What is the tens digit of 14225058?
5
What is the hundred millions digit of 464257909?
4
What is the units digit of 1049770962?
2
What is the millions digit of 476824899?
6
What is the hundred millions digit of 2147970196?
1
What is the units digit of 17998762?
2
What is the millions digit of 841826763?
1
What is the billions digit of 3284110127?
3
What is the tens digit of 86634432?
3
What is the ten thousands digit of 75143718?
4
What is the millions digit of 40808548?
0
What is the hundred thousands digit of 2215871620?
8
What is the units digit of 183376897?
7
What is the ten thousands digit of 111407527?
0
What is the millions digit of 541053369?
1
What is the units digit of 265505491?
1
What is the hundreds digit of 5144471541?
5
What is the units digit of 203627036?
6
What is the ten thousands digit of 134767761?
6
What is the ten thousands digit of 3823460872?
6
What is the hundred thousands digit of 9260384?
2
What is the hundred thousands digit of 27517318?
5
What is the hundred thousands digit of 152003809?
0
What is the ten thousands digit of 86572574?
7
What is the millions digit of 569712107?
9
What is the thousands digit of 2208838560?
8
What is the billions digit of 3002462637?
3
What is the hundred millions digit of 1403557159?
4
What is the tens digit of 123962885?
8
What is the thousands digit of 83271556?
1
What is the ten thousands digit of 764952057?
5
What is the units digit of 36830511?
1
What is the hundred thousands digit of 3549275745?
2
What is the hundred thousands digit of 404783465?
7
What is the thousands digit of 14733657?
3
What is the millions digit of 3638496545?
8
What is the units digit of 159040924?
4
What is the thousands digit of 6437526051?
6
What is the ten thousands digit of 65359341?
5
What is the millions digit of 686954899?
6
What is the hundreds digit of 47032837?
8
What is the tens digit of 1893927386?
8
What is the ten thousands digit of 217758338?
5
What is the tens digit of 96612545?
4
What is the millions digit of 89107624?
9
What is the hundreds digit of 31952484?
4
What is the ten thousands digit of 444362975?
6
What is the hundred millions digit of 274840847?
2
What is the ten thousands digit of 16505371?
0
What is the tens digit of 204044410?
1
What is the millions digit of 64182446?
4
What is the ten millions digit of 250201566?
5
What is the millions digit of 211887698?
1
What is the ten millions digit of 1779310082?
7
What is the units digit of 2673492882?
2
What is the ten thousands digit of 191627809?
2
What is the hundred millions digit of 443610816?
4
What is the ten thousands digit of 220976082?
7
What is the hundred thousands digit of 2799274799?
2
What is the hundred millions digit of 135665363?
1
What is the hundreds digit of 654849204?
2
What is the millions digit of 52527612?
2
What is the ten thousands digit of 54913201?
1
What is the ten millions digit of 47999203?
4
What is the hundred thousands digit of 131161122?
1
What is the units digit of 8955512?
2
What is the hundreds digit of 38027375?
3
What is the ten millions digit of 2051398842?
5
What is the hundreds digit of 48282513?
5
What is the hundred thousands digit of 4457516408?
5
What is the thousands digit of 202196996?
6
What is the thousands digit of 280924104?
4
What is the tens digit of 62246013?
1
What is the tens digit of 2837498625?
2
What is the hundred thousands digit of 257006059?
0
What is the units digit of 35822982?
2
What is the hundred thousands digit of 4684911052?
9
What is the units digit of 5099381898?
8
What is the ten millions digit of 46650380?
4
What is the tens digit of 128104417?
1
What is the ten thousands digit of 13578595?
7
What is the tens digit of 165653875?
7
What is the hundreds digit of 1766339930?
9
What is the thousands digit of 2378561139?
1
What is the ten millions digit of 484595671?
8
What is the ten millions digit of 49790067?
4
What is the tens digit of 64028195?
9
What is the hundred thousands digit of 7892507?
8
What is the ten millions digit of 96796636?
9
What is the tens digit of 310193050?
5
What is the tens digit of 149074791?
9
What is the thousands digit of 41099020?
9
What is the hundred millions digit of 1704131352?
7
What is the millions digit of 2631725895?
1
What is the hundred thousands digit of 49298950?
2
What is the units digit of 1607025681?
1
What is the hundreds digit of 201742632?
6
What is the thousands digit of 1810888817?
8
What is the tens digit of 105058499?
9
What is the ten millions digit of 107761952?
0
What is the hundreds digit of 1439901308?
3
What is the ten thousands digit of 44368043?
6
What is the thousands digit of 461313391?
3
What is the hundreds digit of 118492144?
1
What is the millions digit of 3230620718?
0
What is the ten thousands digit of 3762744851?
4
What is the ten millions digit of 3070042727?
7
What is the ten millions digit of 161889705?
6
What is the thousands digit of 86759452?
9
What is the ten millions digit of 7967645959?
6
What is the hundred millions digit of 2010221936?
0
What is the tens digit of 20238794?
9
What is the ten millions digit of 60109264?
6
What is the hundred thousands digit of 275620713?
6
What is the millions digit of 73903039?
3
What is the thousands digit of 790599297?
9
What is the thousands digit of 46795052?
5
What is the hundreds digit of 308334354?
3
What is the millions digit of 7878133889?
8
What is the ten millions digit of 52383762?
5
What is t